d 714?
42
What is the greatest common factor of 1034 and 176?
22
Calculate the highest common factor of 122 and 34.
2
What is the highest common factor of 826 and 531?
59
Calculate the highest common divisor of 42602 and 119.
119
What is the highest common divisor of 459 and 27?
27
What is the highest common factor of 121 and 22?
11
Calculate the highest common factor of 59 and 9027.
59
Calculate the highest common factor of 945 and 39375.
315
What is the greatest common factor of 122 and 1159?
61
What is the highest common divisor of 75160 and 40?
40
What is the greatest common divisor of 814 and 99?
11
Calculate the greatest common divisor of 32 and 54.
2
What is the highest common factor of 24 and 84?
12
Calculate the highest common factor of 120 and 2120.
40
Calculate the greatest common factor of 50 and 970.
10
What is the greatest common divisor of 26 and 351?
13
What is the highest common factor of 27 and 99?
9
Calculate the greatest common factor of 24 and 84.
12
Calculate the greatest common divisor of 25 and 400.
25
Calculate the highest common factor of 2759 and 124.
31
What is the greatest common divisor of 3055 and 65?
65
What is the greatest common divisor of 3066 and 42?
42
What is the greatest common factor of 25 and 225?
25
Calculate the highest common divisor of 682 and 374.
22
What is the greatest common divisor of 22282 and 26?
26
Calculate the highest common factor of 2046 and 66.
66
What is the highest common divisor of 107247 and 21?
21
Calculate the greatest common factor of 115 and 4945.
115
Calculate the highest common divisor of 165 and 209.
11
Calculate the highest common divisor of 13 and 871.
13
Calculate the greatest common divisor of 1503 and 9.
9
What is the greatest common factor of 210 and 450?
30
What is the greatest common divisor of 162 and 2025?
81
Calculate the highest common factor of 4 and 268.
4
What is the greatest common divisor of 308 and 1001?
77
What is the greatest common divisor of 695 and 30?
5
What is the greatest common factor of 282 and 2726?
94
What is the greatest common divisor of 8673 and 177?
177
What is the highest common divisor of 57 and 45?
3
Calculate the greatest common factor of 36 and 348.
12
Calculate the greatest common divisor of 81 and 324.
81
What is the highest common divisor of 1820 and 560?
140
Calculate the highest common factor of 15047 and 367.
367
What is the greatest common divisor of 473 and 11?
11
What is the greatest common factor of 6855 and 15?
15
What is the greatest common factor of 164 and 166460?
164
Calculate the highest common divisor of 1989 and 119.
17
Calculate the highest common divisor of 72 and 2340.
36
What is the highest common divisor of 5 and 115?
5
Calculate the greatest common divisor of 69 and 1472.
23
Calculate the greatest common factor of 1488 and 93.
93
Calculate the greatest common factor of 36 and 16.
4
Calculate the highest common divisor of 12 and 4.
4
What is the greatest common factor of 134 and 1943?
67
Calculate the greatest common factor of 3737 and 37.
37
Calculate the highest common factor of 1422 and 12.
6
What is the greatest common divisor of 1695 and 30?
15
What is the highest common divisor of 132 and 20?
4
What is the highest common factor of 6 and 687?
3
Calculate the greatest common divisor of 4396 and 182.
14
Calculate the greatest common factor of 406 and 87.
29
Calculate the highest common divisor of 2519 and 44.
11
What is the greatest common factor of 96 and 120?
24
What is the greatest common factor of 3 and 96?
3
What is the greatest common factor of 1591 and 301?
43
Calculate the greatest common factor of 2715 and 15.
15
What is the highest common factor of 3069 and 2511?
279
What is the greatest common divisor of 10563 and 28?
7
Calculate the greatest common divisor of 10290 and 140.
70
Calculate the greatest common factor of 55 and 517.
11
What is the highest common divisor of 303 and 2929?
101
Calculate the greatest common factor of 76 and 2812.
76
What is the highest common divisor of 101 and 202?
101
What is the greatest common factor of 767 and 65?
13
What is the highest common factor of 138 and 66?
6
Calculate the highest common factor of 522 and 638.
58
What is the highest common factor of 785 and 3611?
157
Calculate the greatest common divisor of 225 and 200.
25
Calculate the greatest common factor of 30 and 102.
6
What is the greatest common factor of 31 and 3193?
31
Calculate the highest common divisor of 851 and 69.
23
Calculate the highest common factor of 540 and 468.
36
What is the highest common divisor of 48 and 21972?
12
Calculate the greatest common factor of 216 and 54.
54
Calculate the highest common factor of 10 and 205.
5
Calculate the highest common divisor of 11 and 11.
11
What is the highest common divisor of 12 and 400?
4
Calculate the highest common divisor of 215 and 15.
5
Calculate the greatest common divisor of 325 and 925.
25
Calculate the highest common divisor of 170 and 442.
34
Calculate the highest common factor of 1369 and 185.
37
Calculate the greatest common divisor of 165 and 5940.
165
What is the highest common divisor of 33 and 2233?
11
What is the greatest common factor of 2442 and 1850?
74
What is the highest common factor of 1344 and 84?
84
Calculate the greatest common divisor of 92 and 115.
23
Calculate the greatest common divisor of 32 and 64.
32
What is the greatest common factor of 477 and 106?
53
Calculate the greatest common divisor of 1501 and 237.
79
Calculate the highest common factor of 425 and 340.
85
What is the highest common factor of 1162 and 14?
14
Calculate the greatest common divisor of 805 and 46.
23
What is the highest common divisor of 2625 and 105?
105
What is the greatest common divisor of 104 and 1664?
104
What is the greatest common factor of 3920 and 14?
14
Calculate the highest common factor of 1738 and 1501.
79
What is the greatest common factor of 91 and 9763?
13
What is the highest common divisor of 3077 and 34?
17
Calculate the highest common factor of 108 and 2628.
36
What is the greatest common divisor of 210 and 595?
35
What is the highest common factor of 110 and 1694?
22
Calculate the greatest common divisor of 45 and 2061.
9
Calculate the highest common factor of 9 and 117.
9
Calculate the greatest common divisor of 45 and 1935.
45
Calculate the highest common divisor of 19345 and 530.
265
Calculate the greatest common divisor of 603 and 134.
67
What is the highest common divisor of 453 and 302?
151
Calculate the highest common factor of 2226 and 84.
42
Calculate the greatest common divisor of 81 and 324.
81
Calculate the greatest common divisor of 14482 and 26.
26
Calculate the greatest common divisor of 41 and 123.
41
Calculate the greatest common divisor of 637 and 13.
13
Calculate the highest common divisor of 24 and 2.
2
What is the greatest common factor of 27 and 909?
9
Calculate the greatest common divisor of 2641 and 19.
19
What is the highest common divisor of 2044 and 219?
73
Calculate the greatest common divisor of 1935 and 90.
45
Calculate the greatest common factor of 46 and 414.
46
Calculate the greatest common factor of 611 and 47.
47
What is the greatest common divisor of 323 and 68?
17
What is the highest common divisor of 280 and 42?
14
Calculate the greatest common divisor of 56 and 1988.
28
What is the greatest common divisor of 145 and 9570?
145
What is the highest common factor of 57 and 456?
57
What is the highest common divisor of 38 and 1026?
38
Calculate the greatest common divisor of 1477 and 6752.
211
What is the highest common divisor of 21 and 77?
7
What is the highest common divisor of 82 and 1107?
41
Calculate the highest common divisor of 20 and 380.
20
What is the highest common factor of 2961 and 210?
21
What is the greatest common divisor of 504 and 24?
24
Calculate the highest common divisor of 903 and 1247.
43
Calculate the greatest common factor of 44 and 836.
44
Calculate the highest common factor of 318 and 474.
6
What is the greatest common factor of 310 and 93?
31
Calculate the greatest common divisor of 11 and 297.
11
Calculate the greatest common factor of 15 and 3.
3
What is the greatest common divisor of 18 and 2?
2
Calculate the highest common factor of 22 and 814.
22
What is 